of v?
13
Let j(g) = 21*g**2 + 2*g - 16. What are the prime factors of j(-4)?
2, 3, 13
Suppose -24 = -3*j - 3*j. Suppose 4*z = j*k - 0*k - 56, 3*z = k - 22. Suppose 11*x - k*x - 28 = 0. What are the prime factors of x?
2, 7
Let p(o) = 7 + 11*o + 3*o**2 + 2*o**3 - 5*o**2 - 8*o**2 + o**2. What are the prime factors of p(5)?
3, 29
Let i be 4 + 0*(-1)/(-2). Suppose -13 = 3*m - i*d, 5*d - 2 = 3. Let k(b) = -b**2 - 6*b + 3. List the prime factors of k(m).
2, 3
Suppose 5*t + 16450 = 5*m - 10250, -5*t - 10695 = -2*m. What are the prime factors of m?
5, 11, 97
Let f(l) = 4*l**3 - 7*l**2 + 6*l + 4. Let c(u) = -u**3 - u + 1. Let b(x) = -3*c(x) - f(x). List the prime factors of b(4).
29
Suppose -3*h - 3 = a, -4*h - 4 = -0. Let n = 128 - 123. Suppose n*c - 64 + 19 = a. List the prime factors of c.
3
Let w(i) = -i**2 + 4*i. Let k be w(3). Suppose -204 = -k*v - v. What are the prime factors of v?
3, 17
Let w(d) = -d**3 + 6*d**2 + 7*d - 6. Let v be w(6). Suppose -3*j - 39 - v = 0. Let b = j + 54. List the prime factors of b.
29
Let b = 2 + 2. Let x(a) = -4*a + 2*a + 7*a + 10*a + b. List the prime factors of x(2).
2, 17
Let s = 10647 - 5078. What are the prime factors of s?
5569
Suppose 0 = -3*i + 7*i - 2*l - 10, -4*i - 5*l = -17. Let r(u) = -u**3 - 6*u + 355*u**2 + u - 348*u**2 + 5. List the prime factors of r(i).
2, 13
What are the prime factors of 5892/(-12)*(1 + (-1 - 1))?
491
Suppose -16059 = -18*d + 2229. What are the prime factors of d?
2, 127
Let z(d) = -d**3 + 7*d**2 - 2*d - 6. Let o = 13 - 8. Let k be z(o). What are the prime factors of (2 - 3) + 3 + k?
2, 3
Let l(j) = -405*j - 1. Let z be l(-1). Suppose z + 484 = -3*u. What are the prime factors of u/(-6)*24/16?
2, 37
Suppose 2*p - 55 = -351. Let y = p - -354. What are the prime factors of y?
2, 103
Let o(j) = -j**3 - 3*j + 3. Let q be o(-4). Suppose -2*l = 11 + q. Let i = -7 - l. What are the prime factors of i?
2, 19
Let y be (-3 + 0/2)*-1. Let w(t) = 32*t**2 - 7*t - 6. Let q be w(-1). Suppose y*v - q = 54. What are the prime factors of v?
29
Suppose 19*w = -0*w + 76. What are the prime factors of 110/25 - w - 3016/(-10)?
2, 151
Suppose -3*r = 4 - 19. Suppose -3*s + 2*u = -0*u - 23, -36 = -r*s + u. What are the prime factors of s?
7
Let c = 1045 - -26. Suppose -5*d + 3*h + 1078 = 0, -3*d - 4*h = 2*d - c. What are the prime factors of d?
5, 43
Let u(z) = -23*z - 22. Let p be u(-10). Let l = 67 + p. What are the prime factors of l?
5, 11
Suppose -3*x - 440 = 5*q, -3*q + 3*x = -0*q + 240. Let o = -43 - q. What are the prime factors of o?
2, 3, 7
List the prime factors of 2/(((-4)/(-1498))/((-6)/(-42))).
107
Let x be (-3)/(-8) + 3186/(-48). List the prime factors of x*1/(-1) - -4.
2, 5, 7
Let v(q) = 93*q - 136. List the prime factors of v(13).
29, 37
Let n(u) = -5*u**3 + 2*u**2 - 5*u - 5. Suppose 2*a = -a - 9. Let m be n(a). Suppose 6*p = m - 13. List the prime factors of p.
5
Suppose -5*k = 27 - 7, 0 = -2*p + 5*k + 20. Suppose -4*n = -0*n - 4*q - 504, -5*q - 20 = p. List the prime factors of n.
2, 61
Let d(p) = -p**3 + 4*p**2 - 5. Let u be d(-3). Let a = u + 168. What are the prime factors of a?
2, 113
Let b = 543 - -68. List the prime factors of b.
13, 47
Let l(s) = 70*s + 2. List the prime factors of l(8).
2, 281
Let s be (-8 + 0)*(45/(-10))/9. Suppose -s*c = l - 529, 2*c - 3*l + 0*l = 275. What are the prime factors of c?
7, 19
Let s be (-4)/6 - (4144/6)/(-4). Suppose 3*k - k = -b + s, -b - k + 175 = 0. List the prime factors of b.
2, 89
Let r be (-30)/4*(-8)/1. Let w = -16 + 18. Suppose -w*v + 0*v - 4*i = -r, 0 = 2*v - 4*i - 100. List the prime factors of v.
2, 5
Let s = -323 - -215. Let w = s + 152. List the prime factors of w.
2, 11
Let v(l) = l**2 + l - 17. Let t be v(-5). Suppose 3*z + k - 43 = 170, t*z - 213 = 5*k. What are the prime factors of z?
71
Suppose 0 = 4*l + 4*b - 4, 6 = 4*l + 3*b + 1. Let x(c) = -c**2 + 4*c + 2. Let v be x(4). List the prime factors of 3 + l + 1 - v.
2
List the prime factors of 15/(-25) - (-224)/35*219.
3, 467
Let y = 3064 - 1780. Suppose -9*z - 132 = -y. List the prime factors of z.
2
Let w be (45/(-12))/((-2)/(-8)). Let u(x) = x**3 - 20*x**2 - 2*x + 25. Let i be u(20). What are the prime factors of (-2)/i - 28/w?
2
Suppose 4*u + 0*u = 5*h - 1755, -2*u = 0. Suppose -5*l + h = -2*l. What are the prime factors of l?
3, 13
Suppose 0*q + 5*q + 5*h = 130, 5*q = -2*h + 127. Suppose -q = x - 260. What are the prime factors of x?
5, 47
Let u = -204 + 294. Suppose u - 294 = -4*t. What are the prime factors of t?
3, 17
What are the prime factors of 16/20*6685/2 - 6?
2, 23, 29
Let p(x) = 15*x**2 - 3*x + 4. Let d be p(1). Suppose -d = -4*t, 1 = 3*a - 4*t + 5. List the prime factors of a.
2
Let y(q) = 40*q - 16. List the prime factors of y(7).
2, 3, 11
Let h be ((-36)/(-45))/(4/10) + -4. List the prime factors of 0 + 1*h/(2/(-83)).
83
Let j(h) = h**3 - 3*h**2 + h - 4. Let y be j(3). Let a be (-4*2/(-8))/y. What are the prime factors of 0 + (-2)/a + 2?
2
Let u = 25 + -25. Suppose u = -6*y + 4 + 50. What are the prime factors of y?
3
Suppose 6393 = -14*t + 19581. List the prime factors of t.
2, 3, 157
Suppose 5*s + 2*p + 2671 = 12245, 4*s - 2*p = 7670. What are the prime factors of s?
2, 479
Suppose 5*v + 5*i - 3860 - 5885 = 0, 0 = v + 2*i - 1949. List the prime factors of v.
1949
Suppose 18*z - 4092 = 264. List the prime factors of z.
2, 11
Let c(m) be the third derivative of 1/24*m**4 + 1/60*m**5 + 3*m**2 + 0 - 1/6*m**3 + 0*m + 9/40*m**6. What are the prime factors of c(1)?
2, 7
Suppose b + 7 = -2*w - 12, -29 = 2*b - 5*w. Let n(d) = -d**2 + 22*d - 104. Let g be n(15). What are the prime factors of (-10 - b) + 4/g?
11
Suppose 0 = -51*n + 47*n + 36. What are the prime factors of 60/1 + (0 - n/(-3))?
3, 7
Suppose -2*r + r + 5*o = -15, 0 = 4*r - 5*o - 15. Suppose 11*s - 238 - 37 = r. List the prime factors of s.
5
Let f(c) = -c**2 - 1. Let s(o) = 223*o**2 + 1. Let b(q) = 2*f(q) + s(q). What are the prime factors of b(-1)?
2, 5, 11
Let s = 13 - -2. Suppose -z = 2*d + 3*d - s, -2*z = 4*d - 12. Let i = d + -1. List the prime factors of i.
2
Suppose -4*r + 14374 = l - 3633, -3*l - 15 = 0. List the prime factors of r.
3, 19, 79
Suppose -85*u + 86*u - 4128 = -5*x, 4*x = 4*u - 16464. What are the prime factors of u?
2, 29, 71
Let t = 1342 - -550. List the prime factors of t.
2, 11, 43
Let b = 6 - -1657. Suppose -8*f + 585 = -b. What are the prime factors of f?
281
Let w = 2051 - 1398. List the prime factors of w.
653
Let l = 16 - -77. What are the prime factors of l?
3, 31
Let f = -634 - -1386. List the prime factors of f.
2, 47
Let n(f) = 14*f**2 + 75*f + 14. What are the prime factors of n(-13)?
5, 281
Let g = 173 - 98. Let s = -45 + g. Let f = s - 21. List the prime factors of f.
3
Let s(w) = w**2 + w + 1. Let c(r) = -5*r**2 - r + 14. Let h(i) = -c(i) - 4*s(i). List the prime factors of h(13).
2, 7
Let n(w) = w**3 - 9*w**2 - 8*w - 14. What are the prime factors of n(14)?
2, 7, 61
Suppose 43*l - 39*l - 1272 = 0. What are the prime factors of l?
2, 3, 53
Let g = 11557 - 8048. List the prime factors of g.
11, 29
Let z(n) = -n**2 + 3*n + 17. Let g be z(7). Let m = g + -32. What are the prime factors of -1 - (m - (3 - 0))?
3, 5
Suppose -19*z - 13*z + 52768 = 0. What are the prime factors of z?
17, 97
Suppose -2*l + 133 = -3*y - 6*l, -5*y + 2*l = 213. Suppose -g - 260 = 3*g. Let s = y - g. List the prime factors of s.
2, 11
Let n be 4/(-16) - (-2)/8. Suppose n = -b + 19 + 5. List the prime factors of b.
2, 3
Let w(g) = -90 + 162 + 8*g**2 - 9*g - 85. List the prime factors of w(6).
13, 17
Suppose 3*u - 2*b - 56 = -2*u, 12 = -4*b. List the prime factors of (-1 - -3)/(u/355).
71
Let p(j) = 102*j**3 - 6*j**2 + 11*j - 1. What are the prime factors of p(3)?
2, 683
Suppose 18415 = 5*a - 4*c, 0 = -a + 2*c - 6*c + 3659. What are the prime factors of a?
13, 283
Let k = 146 - 148. Let q = -2 + 1. What are the prime factors of (15 - -7)*q/k?
11
Let m = 0 + 1. Suppose 1 = -5*b + 2*d - 11, 5*b + 2*d = -28. List the prime factors of (m - 56)*b/10.
2, 11
Let s(i) = -10*i + 17 - 15*i**2 + 3*i**2 + 10*i**2 + 3*i**2. What are the prime factors of s(12)?
41
Suppose 2*n = -0*n + 16. Let y = 28 + n. What are the prime factors of ((-5)/(-10))/(1/y)?
2, 3
List the prime factors of 1041 + ((-756)/180 - 1/(-5))